[INFO] fetching crate geobacter-amd-std 1.0.0...
[INFO] building geobacter-amd-std-1.0.0 against master#ff34b919075f35a1787659e9c448a34b06bab8de for issue-85264
[INFO] extracting crate geobacter-amd-std 1.0.0 into /workspace/builds/worker-11/source
[INFO] validating manifest of crates.io crate geobacter-amd-std 1.0.0 on toolchain ff34b919075f35a1787659e9c448a34b06bab8de
[INFO] running `Command { std: "/workspace/cargo-home/bin/cargo" "+ff34b919075f35a1787659e9c448a34b06bab8de" "metadata" "--manifest-path" "Cargo.toml" "--no-deps", kill_on_drop: false }`
[INFO] started tweaking crates.io crate geobacter-amd-std 1.0.0
[INFO] finished tweaking crates.io crate geobacter-amd-std 1.0.0
[INFO] tweaked toml for crates.io crate geobacter-amd-std 1.0.0 written to /workspace/builds/worker-11/source/Cargo.toml
[INFO] running `Command { std: "/workspace/cargo-home/bin/cargo" "+ff34b919075f35a1787659e9c448a34b06bab8de" "generate-lockfile" "--manifest-path" "Cargo.toml" "-Zno-index-update", kill_on_drop: false }`
[INFO] running `Command { std: "/workspace/cargo-home/bin/cargo" "+ff34b919075f35a1787659e9c448a34b06bab8de" "fetch" "--manifest-path" "Cargo.toml", kill_on_drop: false }`
[INFO] running `Command { std: "docker" "create" "-v" "/var/lib/crater-agent-workspace/builds/worker-11/target:/opt/rustwide/target:rw,Z" "-v" "/var/lib/crater-agent-workspace/builds/worker-11/source:/opt/rustwide/workdir:ro,Z" "-v" "/var/lib/crater-agent-workspace/cargo-home:/opt/rustwide/cargo-home:ro,Z" "-v" "/var/lib/crater-agent-workspace/rustup-home:/opt/rustwide/rustup-home:ro,Z" "-e" "SOURCE_DIR=/opt/rustwide/workdir" "-e" "CARGO_TARGET_DIR=/opt/rustwide/target" "-e" "CARGO_HOME=/opt/rustwide/cargo-home" "-e" "RUSTUP_HOME=/opt/rustwide/rustup-home" "-w" "/opt/rustwide/workdir" "-m" "1610612736" "--user" "0:0" "--network" "none" "ghcr.io/rust-lang/crates-build-env/linux@sha256:20528e8c29e4536546f0102ce88568b16ea7538393a33fcca951030f7af10457" "/opt/rustwide/cargo-home/bin/cargo" "+ff34b919075f35a1787659e9c448a34b06bab8de" "metadata" "--no-deps" "--format-version=1", kill_on_drop: false }`
[INFO] [stdout] 15102eddede5bc54732401db5e4b417b43fe845de253ceeb50b6e62a1765b819
[INFO] [stderr] WARNING: Your kernel does not support swap limit capabilities or the cgroup is not mounted. Memory limited without swap.
[INFO] running `Command { std: "docker" "start" "-a" "15102eddede5bc54732401db5e4b417b43fe845de253ceeb50b6e62a1765b819", kill_on_drop: false }`
[INFO] running `Command { std: "docker" "inspect" "15102eddede5bc54732401db5e4b417b43fe845de253ceeb50b6e62a1765b819", kill_on_drop: false }`
[INFO] running `Command { std: "docker" "rm" "-f" "15102eddede5bc54732401db5e4b417b43fe845de253ceeb50b6e62a1765b819", kill_on_drop: false }`
[INFO] [stdout] 15102eddede5bc54732401db5e4b417b43fe845de253ceeb50b6e62a1765b819
[INFO] running `Command { std: "docker" "create" "-v" "/var/lib/crater-agent-workspace/builds/worker-11/target:/opt/rustwide/target:rw,Z" "-v" "/var/lib/crater-agent-workspace/builds/worker-11/source:/opt/rustwide/workdir:ro,Z" "-v" "/var/lib/crater-agent-workspace/cargo-home:/opt/rustwide/cargo-home:ro,Z" "-v" "/var/lib/crater-agent-workspace/rustup-home:/opt/rustwide/rustup-home:ro,Z" "-e" "SOURCE_DIR=/opt/rustwide/workdir" "-e" "CARGO_TARGET_DIR=/opt/rustwide/target" "-e" "CARGO_INCREMENTAL=0" "-e" "RUST_BACKTRACE=full" "-e" "RUSTFLAGS=--cap-lints=forbid" "-e" "CARGO_HOME=/opt/rustwide/cargo-home" "-e" "RUSTUP_HOME=/opt/rustwide/rustup-home" "-w" "/opt/rustwide/workdir" "-m" "1610612736" "--user" "0:0" "--network" "none" "ghcr.io/rust-lang/crates-build-env/linux@sha256:20528e8c29e4536546f0102ce88568b16ea7538393a33fcca951030f7af10457" "/opt/rustwide/cargo-home/bin/cargo" "+ff34b919075f35a1787659e9c448a34b06bab8de" "build" "--frozen" "--message-format=json", kill_on_drop: false }`
[INFO] [stdout] 354192601a7858729e210b52c23d8218514e43d37d46ae0ef85b1e2abcd96407
[INFO] [stderr] WARNING: Your kernel does not support swap limit capabilities or the cgroup is not mounted. Memory limited without swap.
[INFO] running `Command { std: "docker" "start" "-a" "354192601a7858729e210b52c23d8218514e43d37d46ae0ef85b1e2abcd96407", kill_on_drop: false }`
[INFO] [stderr]    Compiling proc-macro2 v1.0.27
[INFO] [stderr]    Compiling unicode-xid v0.2.2
[INFO] [stderr]    Compiling memchr v2.4.0
[INFO] [stderr]    Compiling glob v0.3.0
[INFO] [stderr]    Compiling version_check v0.1.5
[INFO] [stderr]    Compiling cc v1.0.68
[INFO] [stderr]    Compiling log v0.4.14
[INFO] [stderr]    Compiling bitflags v1.2.1
[INFO] [stderr]    Compiling regex-syntax v0.6.25
[INFO] [stderr]    Compiling cfg-if v1.0.0
[INFO] [stderr]    Compiling quick-error v1.2.3
[INFO] [stderr]    Compiling vec_map v0.8.2
[INFO] [stderr]    Compiling syn v1.0.72
[INFO] [stderr]    Compiling termcolor v1.1.2
[INFO] [stderr]    Compiling rustc-hash v1.1.0
[INFO] [stderr]    Compiling cfg-if v0.1.10
[INFO] [stderr]    Compiling lazy_static v1.4.0
[INFO] [stderr]    Compiling serde_derive v1.0.126
[INFO] [stderr]    Compiling serde v1.0.126
[INFO] [stderr]    Compiling textwrap v0.11.0
[INFO] [stderr]    Compiling atty v0.2.14
[INFO] [stderr]    Compiling which v3.1.1
[INFO] [stderr]    Compiling humantime v1.3.0
[INFO] [stderr]    Compiling nom v4.2.3
[INFO] [stderr]    Compiling clap v2.33.3
[INFO] [stderr]    Compiling clang-sys v0.28.1
[INFO] [stderr]    Compiling quote v1.0.9
[INFO] [stderr]    Compiling libloading v0.5.2
[INFO] [stderr]    Compiling bindgen v0.51.1
[INFO] [stderr]    Compiling aho-corasick v0.7.18
[INFO] [stderr]    Compiling cexpr v0.3.6
[INFO] [stderr]    Compiling regex v1.5.4
[INFO] [stderr]    Compiling env_logger v0.6.2
[INFO] [stderr]    Compiling hsa-rt-sys v0.1.0
[INFO] [stderr]    Compiling geobacter-shared-defs v1.0.0
[INFO] [stderr]    Compiling geobacter-core v1.0.0
[INFO] [stdout] error[E0093]: unrecognized intrinsic function: `__geobacter_kill`
[INFO] [stdout]  --> /opt/rustwide/cargo-home/registry/src/github.com-1ecc6299db9ec823/geobacter-core-1.0.0/src/intrinsics.rs:4:3
[INFO] [stdout]   |
[INFO] [stdout] 4 |   pub fn __geobacter_kill() -> !;
[INFO] [stdout]   |   ^^^^^^^^^^^^^^^^^^^^^^^^^^^^^^^ unrecognized intrinsic
[INFO] [stdout] 
[INFO] [stdout] 
[INFO] [stdout] error[E0093]: unrecognized intrinsic function: `kernel_instance`
[INFO] [stdout]    --> /opt/rustwide/cargo-home/registry/src/github.com-1ecc6299db9ec823/geobacter-core-1.0.0/src/kernel.rs:111:5
[INFO] [stdout]     |
[INFO] [stdout] 111 | /     pub fn kernel_instance<'upvar, F, Args, Ret>(f: &'upvar F)
[INFO] [stdout] 112 | |       -> &'static [(&'static str, &'static [u8])]
[INFO] [stdout] 113 | |       where F: OptionalFn<Args, Output=Ret>;
[INFO] [stdout]     | |____________________________________________^ unrecognized intrinsic
[INFO] [stdout] 
[INFO] [stdout] 
[INFO] [stdout] error[E0093]: unrecognized intrinsic function: `kernel_context_data_id`
[INFO] [stdout]    --> /opt/rustwide/cargo-home/registry/src/github.com-1ecc6299db9ec823/geobacter-core-1.0.0/src/kernel.rs:114:5
[INFO] [stdout]     |
[INFO] [stdout] 114 | /     pub fn kernel_context_data_id<'upvar, F, Args, Ret>(f: &'upvar F)
[INFO] [stdout] 115 | |       -> &'static usize
[INFO] [stdout] 116 | |       where F: Fn<Args, Output=Ret>;
[INFO] [stdout]     | |____________________________________^ unrecognized intrinsic
[INFO] [stdout] 
[INFO] [stdout] 
[INFO] [stdout] error[E0093]: unrecognized intrinsic function: `__geobacter_current_platform`
[INFO] [stdout]   --> /opt/rustwide/cargo-home/registry/src/github.com-1ecc6299db9ec823/geobacter-core-1.0.0/src/platform.rs:16:5
[INFO] [stdout]    |
[INFO] [stdout] 16 |     fn __geobacter_current_platform() -> &'static [u8; size_of::<Platform>()];
[INFO] [stdout]    |     ^^^^^^^^^^^^^^^^^^^^^^^^^^^^^^^^^^^^^^^^^^^^^^^^^^^^^^^^^^^^^^^^^^^^^^^^^^ unrecognized intrinsic
[INFO] [stdout] 
[INFO] [stdout] 
[INFO] [stdout] error[E0599]: no function or associated item named `empty` found for struct `Unique<_>` in the current scope
[INFO] [stdout]    --> /opt/rustwide/cargo-home/registry/src/github.com-1ecc6299db9ec823/geobacter-core-1.0.0/src/ptr.rs:290:22
[INFO] [stdout]     |
[INFO] [stdout] 290 |     AccelPtr(Unique::empty())
[INFO] [stdout]     |                      ^^^^^ function or associated item not found in `Unique<_>`
[INFO] [stdout] 
[INFO] [stdout] 
[INFO] [stdout] error: aborting due to 5 previous errors
[INFO] [stdout] 
[INFO] [stdout] 
[INFO] [stdout] Some errors have detailed explanations: E0093, E0599.
[INFO] [stdout] 
[INFO] [stdout] For more information about an error, try `rustc --explain E0093`.
[INFO] [stdout] 
[INFO] [stderr] error: could not compile `geobacter-core`
[INFO] [stderr] 
[INFO] [stderr] To learn more, run the command again with --verbose.
[INFO] [stderr] warning: build failed, waiting for other jobs to finish...
[INFO] [stderr] error: build failed
[INFO] running `Command { std: "docker" "inspect" "354192601a7858729e210b52c23d8218514e43d37d46ae0ef85b1e2abcd96407", kill_on_drop: false }`
[INFO] running `Command { std: "docker" "rm" "-f" "354192601a7858729e210b52c23d8218514e43d37d46ae0ef85b1e2abcd96407", kill_on_drop: false }`
[INFO] [stdout] 354192601a7858729e210b52c23d8218514e43d37d46ae0ef85b1e2abcd96407
